r when 211240 is divided by 22.
18
Calculate the remainder when 5456 is divided by 2660.
136
Calculate the remainder when 7852 is divided by 12.
4
What is the remainder when 15963 is divided by 263?
183
What is the remainder when 3515 is divided by 500?
15
What is the remainder when 118871 is divided by 117?
116
What is the remainder when 1646 is divided by 467?
245
What is the remainder when 23351 is divided by 667?
6
What is the remainder when 21418 is divided by 5325?
118
What is the remainder when 385227 is divided by 6?
3
Calculate the remainder when 478202 is divided by 279.
275
Calculate the remainder when 3647 is divided by 1816.
15
What is the remainder when 858 is divided by 191?
94
What is the remainder when 311845 is divided by 405?
400
Calculate the remainder when 175120 is divided by 13.
10
Calculate the remainder when 3939 is divided by 86.
69
What is the remainder when 471 is divided by 457?
14
Calculate the remainder when 588 is divided by 98.
0
Calculate the remainder when 6501 is divided by 6466.
35
What is the remainder when 18452 is divided by 355?
347
Calculate the remainder when 1073 is divided by 6.
5
What is the remainder when 21066 is divided by 385?
276
Calculate the remainder when 1128 is divided by 143.
127
Calculate the remainder when 180547 is divided by 115.
112
What is the remainder when 3836 is divided by 1076?
608
What is the remainder when 124057 is divided by 62016?
25
What is the remainder when 1747 is divided by 296?
267
Calculate the remainder when 17891 is divided by 417.
377
What is the remainder when 87245 is divided by 12463?
4
Calculate the remainder when 4798 is divided by 2388.
22
What is the remainder when 24078 is divided by 56?
54
Calculate the remainder when 2266 is divided by 440.
66
What is the remainder when 8835 is divided by 147?
15
What is the remainder when 21429 is divided by 142?
129
Calculate the remainder when 6659 is divided by 1123.
1044
What is the remainder when 3390 is divided by 3380?
10
What is the remainder when 60936 is divided by 20304?
24
Calculate the remainder when 3235 is divided by 1156.
923
What is the remainder when 1300 is divided by 647?
6
What is the remainder when 1524 is divided by 361?
80
What is the remainder when 87443 is divided by 36?
35
Calculate the remainder when 3287 is divided by 1075.
62
What is the remainder when 7686 is divided by 361?
105
What is the remainder when 24062 is divided by 52?
38
What is the remainder when 671628 is divided by 43?
11
What is the remainder when 872 is divided by 215?
12
Calculate the remainder when 94935 is divided by 23.
14
What is the remainder when 1606 is divided by 1430?
176
Calculate the remainder when 17351 is divided by 3370.
501
What is the remainder when 729217 is divided by 76?
73
Calculate the remainder when 50402 is divided by 2400.
2
Calculate the remainder when 19628 is divided by 9795.
38
What is the remainder when 5840 is divided by 133?
121
What is the remainder when 30688 is divided by 3062?
68
Calculate the remainder when 275114 is divided by 525.
14
What is the remainder when 76465 is divided by 356?
281
What is the remainder when 582040 is divided by 261?
10
What is the remainder when 38608 is divided by 78?
76
Calculate the remainder when 26357 is divided by 1757.
2
Calculate the remainder when 83073 is divided by 46.
43
Calculate the remainder when 1109879 is divided by 45.
44
Calculate the remainder when 18677 is divided by 2665.
22
Calculate the remainder when 97415 is divided by 96.
71
What is the remainder when 6777 is divided by 141?
9
What is the remainder when 26558 is divided by 253?
246
Calculate the remainder when 20553 is divided by 57.
33
What is the remainder when 166418 is divided by 11?
10
What is the remainder when 183346 is divided by 19?
15
What is the remainder when 176778 is divided by 1360?
1338
What is the remainder when 1231 is divided by 332?
235
Calculate the remainder when 21122 is divided by 169.
166
Calculate the remainder when 595 is divided by 142.
27
What is the remainder when 14045 is divided by 6911?
223
What is the remainder when 216307 is divided by 140?
7
What is the remainder when 53544 is divided by 37?
5
Calculate the remainder when 4717 is divided by 143.
141
Calculate the remainder when 326857 is divided by 274.
249
What is the remainder when 3641 is divided by 606?
5
What is the remainder when 104553 is divided by 62?
21
What is the remainder when 81404 is divided by 213?
38
What is the remainder when 10181 is divided by 392?
381
What is the remainder when 40711 is divided by 80?
71
What is the remainder when 8775787 is divided by 92?
91
Calculate the remainder when 3160 is divided by 69.
55
Calculate the remainder when 276774 is divided by 459.
456
What is the remainder when 1788 is divided by 189?
87
Calculate the remainder when 486659 is divided by 52.
43
What is the remainder when 43883 is divided by 69?
68
What is the remainder when 88512 is divided by 143?
138
Calculate the remainder when 23796 is divided by 20.
16
What is the remainder when 3951905 is divided by 39?
35
What is the remainder when 51863 is divided by 114?
107
Calculate the remainder when 3612 is divided by 606.
582
Calculate the remainder when 4955993 is divided by 55.
53
Calculate the remainder when 5117 is divided by 508.
37
What is the remainder when 274361 is divided by 15?
11
What is the remainder when 1213484 is divided by 107?
104
What is the remainder when 59661 is divided by 32?
13
What is the remainder when 9217 is divided by 648?
145
Calculate the remainder when 3121 is divided by 184.
177
What is the remainder when 22449 is divided by 79?
13
What is the remainder when 9208 is divided by 21?
10
Calculate the remainder when 1800 is divided by 116.
60
What is the remainder when 705 is divided by 208?
81
What is the remainder when 155765 is divided by 92?
9
Calculate the remainder when 787755 is divided by 393871.
13
What is the remainder when 1968 is divided by 222?
192
Calculate the remainder when 26920 is divided by 264.
256
Calculate the remainder when 10829 is divided by 31.
10
Calculate the remainder when 37874 is divided by 526.
2
What is the remainder when 4934 is divided by 1638?
20
What is the remainder when 12062 is divided by 570?
92
Calculate the remainder when 465 is divided by 90.
15
What is the remainder when 17300 is divided by 84?
80
What is the remainder when 65024 is divided by 80?
64
Calculate the remainder when 903020 is divided by 2057.
2054
What is the remainder when 24703 is divided by 213?
208
Calculate the remainder when 12495 is divided by 96.
15
What is the remainder when 15509 is divided by 860?
29
Calculate the remainder when 64386 is divided by 95.
71
Calculate the remainder when 7236 is divided by 3613.
10
What is the remainder when 45127 is divided by 1880?
7
Calculate the remainder when 610161 is divided by 473.
464
What is the remainder when 98916 is divided by 29?
26
Calculate the remainder when 9161 is divided by 78.
35
Calculate the remainder when 34799 is divided by 50.
49
What is the remainder when 517437 is divided by 704?
701
Calculate the remainder when 1779 is divided by 920.
859
Calculate the remainder when 11844 is divided by 113.
92
What is the remainder when 1355 is divided by 72?
59
What is the remainder when 1750 is divided by 827?
96
Calculate the remainder when 732575 is divided by 71.
68
Calculate the remainder when 146459 is divided by 36.
11
Calculate the remainder when 38226 is divided by 1124.
10
What is the remainder when 7474 is divided by 2905?
1664
Calculate the remainder when 7052 is divided by 20.
12
What is the remainder when 19286 is divided by 159?
47
What is the remainder when 91670 is divided by 193?
188
What is the remainder when 15570 is divided by 179?
176
What is the remainder when 6627 is divided by 2159?
150
Calculate the remainder when 9977 is divided by 229.
130
Calculate the remainder when 146623 is divided by 215.
208
Calculate the remainder when 4849 is divided by 192.
49
What is the remainder when 1057251 is divided by 589?
585
Calculate the remainder when 102316 is divided by 221.
214
Calculate the remainder when 13261 is divided by 602.
17
What is the remainder when 2901 is divided by 1439